= n**3 + 4*n**2 - 3*n - 3. Let a(i) = 3*c(i) + 4*u(i). Let q = -14 + 15. Determine a(q).
5
Let w(h) = -h**2 - 6 + 1 + 4 + 2*h - 1. Determine w(4).
-10
Let r = -6 - -10. Let j(t) = t - t + 2*t - r*t. Give j(6).
-12
Let m(i) = 2*i. Suppose v - 18 = -0*v - 4*d, -v + d = -18. Let s be 364/v + 6/(-27). Suppose w + 2*y - 12 = 0, w - s = -w - 3*y. Give m(w).
8
Let m = -22 - -24. Let x(q) be the first derivative of -1/2*q**m - 2 - q. Determine x(-2).
1
Suppose 6*l = 2*l + 20. Let q(m) = -m**3 + 6*m**2 - 7*m + 6. Let u be q(l). Let f(w) = 1. Let k(n) = n. Let a(i) = 4*f(i) + k(i). Give a(u).
0
Let x(p) = -p**2 - 2*p + 3. Let z be -2 - -5 - (-4)/(-4). Calculate x(z).
-5
Let d(k) = -k**2 - 6*k - 5. Let t = -11 + 5. Determine d(t).
-5
Let f be 6/(-9)*3 - -7. Let l(u) = -u**2 + 6*u + 3. Calculate l(f).
8
Let g(h) = 4*h**3 - h**2 - h - 1. Suppose -p - 4 + 2 = 0. Let y be p*1/(-2)*-1. What is g(y)?
-5
Suppose -4*n = -3*f + 1, -10 = -2*f + 4*n - 6*n. Let l(v) = -1 + v + 4*v - 3*v - f*v. Suppose -3*s + 5*t + 8 - 25 = 0, -5 = -5*t. Determine l(s).
3
Suppose -3 + 6 = t. Let j be t/(-3*3/(-12)). Let r(i) = -4*i**2 + 2 - 3 + i**3 - 1 - i. Calculate r(j).
-6
Let t(r) = -r**2 - 5*r + 8. Let i be t(-6). Let h be 1/(-1*i/(-10)). Let v(l) = -h + 0 + 1 - l. Calculate v(4).
-8
Let b(w) = 11*w + 1. Let d(f) = -10*f - 1. Let i(p) = 6*b(p) + 7*d(p). Suppose n = -5*j + 23, 5*n + 0*n - 5*j + 5 = 0. Calculate i(n).
-13
Let g(o) = -6*o**3 - o**2 + o - 1. Let a(q) = q**3 + 7*q**2 + 5*q - 3. Let k be a(-6). Suppose 0 = -3*x + 4*m + 23, 6 = x + 2*m - k*m. Determine g(x).
-7
Let k(f) = f**3 + f + 12. Let y be k(0). Let q be -6*3*2/y. Let h(o) = o**2 - 3*o - 2. Let m(a) = -a**2 + 4*a + 1. Let c(g) = q*m(g) - 2*h(g). Calculate c(5).
-4
Let b(m) = -m**3 + m. Let q(y) = 3*y**3 + 5*y**2 - 8*y - 3. Let o(z) = 4*b(z) + q(z). Calculate o(4).
-3
Suppose 2*h + 5*o + 13 + 24 = 0, -4*h - 3*o = 39. Let y = -2 - h. Let m(a) be the first derivative of -a**3/3 + 3*a**2/2 + a + 2. Give m(y).
-3
Let u(c) = -c**2 + 5*c - 2. Let y(q) = q + 2. Let i be y(0). Determine u(i).
4
Let p(c) = c - 1. Let z = -20 - -24. Suppose z*u - 33 = n, 0 = 6*n - n + 25. Give p(u).
6
Let v(o) = -o**3 - 6*o**2 + 7*o + 5. Suppose -3*t - 5*y = 31, -2*y + 3 + 21 = -4*t. Calculate v(t).
5
Let c(m) = m**3 - 5*m**2 + m - 4. Let t = -11 + 16. Let f be c(t). Let y(x) be the third derivative of -x**4/8 + x**3/6 - x**2. Calculate y(f).
-2
Let c(b) = 6*b + 5. Let s(m) = -7*m - 6. Let y(r) = 3*c(r) + 2*s(r). Let g be (-1 - (-1 - 2))*-1. Calculate y(g).
-5
Let d be (-2)/3 + (-116)/(-12). Suppose -d = m - 4*m. Let b(l) = 0*l**m - 5 - l**3 + 6*l - 1 - 3*l + 3*l**2. Calculate b(4).
-10
Let k(a) = -a - 4. Let j be k(-6). Suppose 0 = -3*z + j*z + 5. Let d(c) = -c - 2. What is d(z)?
-7
Let o(a) be the first derivative of -a**3/3 + 3*a**2 - 3*a - 14. Calculate o(4).
5
Suppose 24*m = 7*m. Let g(c) be the first derivative of 0*c**2 + 1/3*c**3 - 2*c - 1. What is g(m)?
-2
Let h be (12/16)/(1/4). Suppose 2 = -h*z + 20. Let t(d) = 2 - d**2 - z*d + 0*d + 2*d. Calculate t(-5).
-3
Let m be (1 - 0)*2/1. Let z(h) = 2 + h**2 - m*h - 3*h + 4. Give z(4).
2
Let t = 2 - -1. Suppose 3*v = -t*m - 3 - 15, -4*v + 5*m - 15 = 0. Let y(h) = -h - 3. Calculate y(v).
2
Suppose 0 = -5*x + 6 + 4. Suppose -5*i = d + d - 20, -2*i + x*d = 6. Let s(p) = 3 - 5 + 3*p + 1. Determine s(i).
5
Let c(t) = 4*t**2 - 3*t**2 + 6*t - 6*t. Suppose 6 = -6*m - 0*m. Calculate c(m).
1
Let q = -107 + 104. Let j(c) = -2*c - 3*c**2 + 1 + 5*c**2 - c**2 - 4. Determine j(q).
12
Suppose -s = 3*s + 5*t - 19, -5*t + 1 = s. Let m be 4/s*(-3)/2. Let k(o) = 3*o. What is k(m)?
-3
Let y(x) be the first derivative of 5/2*x**2 - 1/3*x**3 - 9 + x. What is y(4)?
5
Let g(t) = -t - 7. Let a(o) = o - 18. Let w be a(11). Calculate g(w).
0
Let p(w) = -w**3 - 5*w**2 + 4*w - 14. Let m be p(-6). Let f(o) = o**3 - 2*o - 2. Calculate f(m).
-6
Let w(p) = -7*p**3 - 2*p + 2. Let r(a) = -a**3 - a + 7 - 4 - 7*a**3 - 2*a. Let d(t) = 2*r(t) - 3*w(t). Calculate d(-1).
-5
Let p(c) = 2*c**2 - 13*c - 1. Let d(x) = x**2 - 7*x - 1. Let o(m) = -5*d(m) + 3*p(m). Let g be o(2). Let w(a) = a**3 + 3*a**2 + 3*a + 3. Determine w(g).
1
Let r(m) = -19 + 2*m + 16 + m - 2*m. Calculate r(4).
1
Let y = -7 + 11. Suppose 0 = y*n - 9*n - 20. Let r(m) = 2*m + 3. What is r(n)?
-5
Let s = -1 - -5. Suppose -4*w = -4, 6 = q + s*w + 4. Let l(g) = 11*g + 13. Let u(k) = 5*k + 6. Let x(z) = q*l(z) + 5*u(z). Give x(-4).
-8
Let t(o) = o**2 + 3. Let q(n) = 9 + 7*n + n**3 - 9*n**2 - 8*n + 0*n**2 + 3. Let k be q(9). Calculate t(k).
12
Let f(k) = 3*k**3 - 15*k**2 + 10*k - 18. Let c(w) = -w**3 + 5*w**2 - 3*w + 6. Let u = -7 - -5. Let p(l) = u*f(l) - 7*c(l). Let i be 86/18 - (-8)/36. Give p(i).
-1
Let s = -29 + 33. Let k(y) = y**3 - 6*y**2 + 4*y + 2. Give k(s).
-14
Let c(i) be the third derivative of -7*i**4/24 + i**3/2 + 10*i**2. Give c(2).
-11
Let v(m) be the first derivative of 9*m**4/4 - m**2/2 - 1. Let l be -1 - 0 - (-2 + 0). Determine v(l).
8
Suppose 0 = 4*t + 5*l + 16 - 1, 4*t - 9 = 3*l. Let o = -3 - t. Let p(x) = -12*x - 23. Let u(n) = 4*n + 8. Let c(h) = 6*p(h) + 17*u(h). Give c(o).
10
Let y(i) = -i + 2. Suppose -5*v - 15 = 0, 0 = -0*c + 5*c + 4*v + 57. Let j(b) = 4*b - 9. Let w(n) = c*y(n) - 2*j(n). Determine w(-7).
-7
Let l = 13 - 11. Let f(z) = 7 - 2*z**l + z**2 - 4 + 5*z - 4. Give f(3).
5
Let c(o) = 5*o - 1. Suppose -13*f + 2 = 15. What is c(f)?
-6
Let t(p) be the third derivative of p**9/60480 - p**8/20160 + p**7/5040 + 11*p**5/60 + 8*p**2. Let f(g) be the third derivative of t(g). Calculate f(-2).
-14
Let m(v) = 3 + 0 + 3 - 6*v + v**2. Let x be ((-30)/(-6))/((-2)/(-4)). Let q = 15 - x. Give m(q).
1
Let t be 1/2*(5 - 1). Suppose 5 + 1 = t*x. Suppose -3*k - 1 = -2*n, 3*n - 2 = 2*k - x. Let i(a) = -5*a**2 + 2*a + 1. Give i(n).
-6
Suppose 3*t = 5*v + 58, -3*v + 0*v - 37 = -2*t. Let w be (-2)/(-4)*(t + -11). Let x(f) = f + 14. Give x(w).
14
Let z = -1 - -2. Suppose -4*s = -3 - z. Let l(b) = 7*b - b + 1 + 0. What is l(s)?
7
Let i(q) = 1 - 4*q**3 - 3*q**2 + q**2 + 2*q**2. What is i(-1)?
5
Let f(s) = -s**3 - 2*s**2 + 2*s - 4. Let w be (2 - -1) + -3 - 0 - 3. Give f(w).
-1
Let m(i) = 245*i + 2*i**3 - 3*i**3 - 240*i - 5*i**2 + 7. Give m(-6).
13
Let g(k) = k + 7. Let n = -8 - -7. Let l = n - 5. Calculate g(l).
1
Let c(a) = 0 - a + 4*a**3 - 4*a**3 + 2 + a**3 - 3*a**2. Determine c(2).
-4
Let t = -21 + 40. Let c(u) = t*u + 0 - u**3 - 18*u - 6*u**2 - 3. What is c(-6)?
-9
Suppose 0 = 6*u + 25 + 17. Suppose -y + 0 + 7 = 0. Let k be 40/u + (-2)/y. Let q(b) = b**2 + 7*b + 1. What is q(k)?
-5
Let r(l) = 7*l + 3. Let u be r(6). Suppose 5*c = 3*a + 5, -c + 6*c = -5*a + u. Let o(d) = d**2 - 7*d + 3. Give o(a).
-7
Let o(f) = -52 + 96 - 45 + 15*f. Let u(v) = -3*v - 3*v - v. Let r(t) = 3*o(t) + 7*u(t). Calculate r(-3).
9
Suppose 4*q = 5*h - 20, -4*h = -4*q - 10 - 10. Let r(l) = l**2 + l + 8. What is r(h)?
8
Let l(h) = 0*h - h + 0*h + 8. Let t be l(8). Let q(g) = -4 + t*g + 0*g - g. What is q(-5)?
1
Let g(t) = 12*t**2 - 1. Let k be g(-1). Let d be 1/5 + k/(-5). Let f(i) = -i**2 - i + 2. What is f(d)?
0
Let s(t) be the third derivative of t**5/40 + t**4/8 - 2*t**3/3 - 2*t**2. Let b(q) be the first derivative of s(q). Give b(-4).
-9
Let v = -5 + -1. Let l be (0 + v)*6/(-9). Let q(k) = 0*k**2 - 5*k**2 + 0 - 2 + l*k + k**3. Give q(2).
-6
Let h(c) = 21 - 38 + 8*c + 15. Determine h(1).
6
Let w(r) be the third derivative of -r**6/120 - r**5/60 - r**3/2 - r**2. Let p be 2/(-14) - (-2)/14. Calculate w(p).
-3
Let j(b) = b + 1. Let q(k) = -k**2 - 8*k - 6. Let m(w) = 6*j(w) + q(w). Let d(s) = -35*s + 384. Let t be d(11). Give m(t).
1
Suppose 0*g + 2*g - 8 = 0. Let h(d) = -d**3 + 5*d**2 - 3*d + 2. Determine h(g).
6
Let u be -3 - (-2 + (3 - 0)). Let l be 1/((-1 - u)/3). Let y(b) = 7*b + l - b - b**2 - 2*b + b. What is y(5)?
1
Let g(i) = -i. Let k(w) = -8*w + 2. Let b(v) = -4*g(v) + k(v). Suppose -h - 7 = o - 2*o, 4*o - 3*h - 23 = 0. Calculate b(o).
-6
Let j(d) = 0*d + 0*d - 8*d - 2 + 1. What is j(1)?
-9
Let v(p) = -p + 33 + 27 - 78 + 26. Determine v(7).
1
Let l(m) = 2*m - 8. Let b be l(8). Suppose b = -i - 5*z, z = -5*i + 6*z + 20. Let a(x) = i*x**3 - x + 5*x**2 - 7 + 5*x**2 - 4*x**2 - x**3. Calculate a(-6).
-1
Suppose -2*m = -8 + 2. Let z(i) = -3*i - i + 2*i + 4 + m*i. Give z(-3).
1
